{"id":9,"date":"2017-12-14T09:32:33","date_gmt":"2017-12-14T08:32:33","guid":{"rendered":"https:\/\/www.cilera.ch\/wp\/?page_id=9"},"modified":"2021-05-30T10:46:00","modified_gmt":"2021-05-30T09:46:00","slug":"olio","status":"publish","type":"page","link":"https:\/\/www.cilera.ch\/?page_id=9","title":{"rendered":"PRODUKT_PRODUKTION"},"content":{"rendered":"<div class=\"page\" title=\"Page 1\">\n<div class=\"layoutArea\">\n<div class=\"column\">\n<p style=\"text-align: center;\"><span style=\"color: #000000;\">PRODUKT<\/span><\/p>\n<p style=\"text-align: center;\"><span style=\"color: #000000;\">100% nat\u00fcrlich und Italienisch<\/span><\/p>\n<p style=\"text-align: center;\"><span style=\"color: #000000;\"><span style=\"caret-color: #336b5e;\">Kaltgepresstes Oliven\u00f6l der ersten G\u00fctequalit\u00e4t, direkt aus den Oliven gewonnen und nur mechanisch bearbeitet.<\/span><\/span><\/p>\n<p style=\"text-align: center;\"><span style=\"color: #000000;\">Das gefilterte Produkt kann nat\u00fcrliche Verunreinigungen und Sedimente aufweisen.<\/span><\/p>\n<\/div>\n<p style=\"text-align: center;\"><span style=\"color: #000000;\">N\u00e4hrwerte<\/span><br \/>\n<span style=\"color: #000000;\">Mittlere Werte per 100ml<\/span><br \/>\n<span style=\"color: #000000;\">Energie 3&#8217;389 kJ \/ 824 kcal<br \/>\nFette 91.6g<\/span><br \/>\n<span style=\"color: #000000;\">Fetts\u00e4uren:<br \/>\nGes\u00e4ttigte 13.4g \u00a0 \u00a0 \u00a0 \u00a0 \u00a0 <\/span><br \/>\n<span style=\"color: #000000;\">Einfach unges\u00e4ttigte 69.6g<\/span><br \/>\n<span style=\"color: #000000;\">Mehrfach unges\u00e4ttigte 8.6g<br \/>\nZucker, Proteine, Salz \u00a00.0g<\/span><\/p>\n<p style=\"text-align: center;\"><span style=\"color: #000000;\">PRODUKTION<\/span><\/p>\n<p style=\"text-align: center;\"><span style=\"color: #000000;\">Sabina &amp; Christian W. Blaser<br \/>\nPodere La Cilera 37<br \/>\nIT-58045 Civitella Marittima, GR<br \/>\n<\/span><\/p>\n<p style=\"text-align: center;\"><span style=\"color: #000000;\">Verarbeitung in der \u00d6lm\u00fchle<br \/>\nFrantoio delle Colline Ardenghesche<br \/>\nVia Bagnolo<br \/>\nIT-58045 Civitella Marittima, GR<br \/>\nRM Gr123<\/span><\/p>\n<p style=\"text-align: center;\"><span style=\"color: #000000;\">OLIVENSORTEN<\/span><\/p>\n<p style=\"text-align: center;\"><span style=\"color: #000000;\">Correggiolo als Hauptsorte gemischt mit wenigen<br \/>\nLeccino, Frantoio und Pendolino Oliven<\/span><\/p>\n<div class=\"column\">\n<p><img loading=\"lazy\" decoding=\"async\" class=\"aligncenter wp-image-278 size-large\" src=\"https:\/\/www.cilera.ch\/wp-content\/uploads\/2018\/12\/IMG_7036-768x1024.jpg\" alt=\"\" width=\"768\" height=\"1024\" srcset=\"https:\/\/www.cilera.ch\/wp-content\/uploads\/2018\/12\/IMG_7036-768x1024.jpg 768w, https:\/\/www.cilera.ch\/wp-content\/uploads\/2018\/12\/IMG_7036-225x300.jpg 225w\" sizes=\"auto, (max-width: 768px) 100vw, 768px\" \/><\/p>\n<p><img loading=\"lazy\" decoding=\"async\" class=\"aligncenter wp-image-59\" src=\"https:\/\/www.cilera.ch\/wp-content\/uploads\/2017\/12\/23622122_693685597501631_5136883702996653130_n.jpg\" alt=\"\" width=\"768\" height=\"843\" srcset=\"https:\/\/www.cilera.ch\/wp-content\/uploads\/2017\/12\/23622122_693685597501631_5136883702996653130_n.jpg 720w, https:\/\/www.cilera.ch\/wp-content\/uploads\/2017\/12\/23622122_693685597501631_5136883702996653130_n-273x300.jpg 273w\" sizes=\"auto, (max-width: 768px) 100vw, 768px\" \/><\/p>\n<\/div>\n<\/div>\n<\/div>\n<div class=\"page\" title=\"Page 1\">\n<div class=\"layoutArea\">\n<p style=\"text-align: center;\"><img loading=\"lazy\" decoding=\"async\" class=\"aligncenter size-full wp-image-84\" src=\"https:\/\/www.cilera.ch\/wp-content\/uploads\/2017\/12\/cilera_produ_01.jpg\" alt=\"\" width=\"1440\" height=\"1050\" srcset=\"https:\/\/www.cilera.ch\/wp-content\/uploads\/2017\/12\/cilera_produ_01.jpg 1440w, https:\/\/www.cilera.ch\/wp-content\/uploads\/2017\/12\/cilera_produ_01-300x219.jpg 300w, https:\/\/www.cilera.ch\/wp-content\/uploads\/2017\/12\/cilera_produ_01-768x560.jpg 768w, https:\/\/www.cilera.ch\/wp-content\/uploads\/2017\/12\/cilera_produ_01-1024x747.jpg 1024w\" sizes=\"auto, (max-width: 1440px) 100vw, 1440px\" \/><\/p>\n<\/div>\n<\/div>\n","protected":false},"excerpt":{"rendered":"<p>PRODUKT 100% nat\u00fcrlich und Italienisch Kaltgepresstes Oliven\u00f6l der ersten G\u00fctequalit\u00e4t, direkt aus den Oliven gewonnen und nur mechanisch bearbeitet. Das gefilterte Produkt kann nat\u00fcrliche Verunreinigungen&#8230;<\/p>\n<div class=\"more-link-wrapper\"><a class=\"more-link\" href=\"https:\/\/www.cilera.ch\/?page_id=9\">Weiterlesen<span class=\"screen-reader-text\">PRODUKT_PRODUKTION<\/span><\/a><\/div>\n","protected":false},"author":1,"featured_media":0,"parent":0,"menu_order":2,"comment_status":"closed","ping_status":"closed","template":"templates\/full-width.php","meta":{"footnotes":""},"class_list":["post-9","page","type-page","status-publish","hentry","entry"],"_links":{"self":[{"href":"https:\/\/www.cilera.ch\/index.php?rest_route=\/wp\/v2\/pages\/9","targetHints":{"allow":["GET"]}}],"collection":[{"href":"https:\/\/www.cilera.ch\/index.php?rest_route=\/wp\/v2\/pages"}],"about":[{"href":"https:\/\/www.cilera.ch\/index.php?rest_route=\/wp\/v2\/types\/page"}],"author":[{"embeddable":true,"href":"https:\/\/www.cilera.ch\/index.php?rest_route=\/wp\/v2\/users\/1"}],"replies":[{"embeddable":true,"href":"https:\/\/www.cilera.ch\/index.php?rest_route=%2Fwp%2Fv2%2Fcomments&post=9"}],"version-history":[{"count":34,"href":"https:\/\/www.cilera.ch\/index.php?rest_route=\/wp\/v2\/pages\/9\/revisions"}],"predecessor-version":[{"id":452,"href":"https:\/\/www.cilera.ch\/index.php?rest_route=\/wp\/v2\/pages\/9\/revisions\/452"}],"wp:attachment":[{"href":"https:\/\/www.cilera.ch\/index.php?rest_route=%2Fwp%2Fv2%2Fmedia&parent=9"}],"curies":[{"name":"wp","href":"https:\/\/api.w.org\/{rel}","templated":true}]}}