{"id":208,"date":"2018-01-27T17:08:16","date_gmt":"2018-01-27T16:08:16","guid":{"rendered":"https:\/\/www.cilera.ch\/?page_id=208"},"modified":"2023-02-12T10:49:39","modified_gmt":"2023-02-12T09:49:39","slug":"notizie","status":"publish","type":"page","link":"https:\/\/www.cilera.ch\/?page_id=208","title":{"rendered":"NEWS"},"content":{"rendered":"\n<p>ERFOLGREICHER OLIVEN\u00d6L MARKT 2024 IN DER MARKTHALLE BASEL<\/p>\n\n\n\n<p>Danke f\u00fcr die vielen Besuche und allen die unser Oliven\u00f6l gut m\u00f6gen.<\/p>\n\n\n\n<p><\/p>\n\n\n\n<figure class=\"wp-block-image size-full\"><img loading=\"lazy\" decoding=\"async\" width=\"640\" height=\"480\" src=\"https:\/\/www.cilera.ch\/wp-content\/uploads\/2023\/02\/IMG_1909.jpg\" alt=\"\" class=\"wp-image-488\" srcset=\"https:\/\/www.cilera.ch\/wp-content\/uploads\/2023\/02\/IMG_1909.jpg 640w, https:\/\/www.cilera.ch\/wp-content\/uploads\/2023\/02\/IMG_1909-300x225.jpg 300w\" sizes=\"auto, (max-width: 640px) 100vw, 640px\" \/><\/figure>\n\n\n\n<p><\/p>\n\n\n\n<p>OLIVEN\u00d6LMARKT MIT OLIO EXTRA VERGINE LA CILERA<\/p>\n\n\n\n<p>Am Samstag, 11.2.2023 von 10-15h sind wir mit unserem Oliven\u00f6l La Cilera @ Oliven\u00f6lmarkt Markthalle Basel.<\/p>\n\n\n\n<p>vieni a gustare &#8211; wir freuen uns!<\/p>\n\n\n\n<p>Christian und Sabina<\/p>\n\n\n\n<figure class=\"wp-block-gallery has-nested-images columns-default is-cropped wp-block-gallery-1 is-layout-flex wp-block-gallery-is-layout-flex\">\n<figure class=\"wp-block-image size-large\"><img loading=\"lazy\" decoding=\"async\" width=\"728\" height=\"1024\" data-id=\"478\" src=\"https:\/\/www.cilera.ch\/wp-content\/uploads\/2023\/01\/Olivenoel-Spezialmarkt-Flyer-728x1024.jpg\" alt=\"\" class=\"wp-image-478\" srcset=\"https:\/\/www.cilera.ch\/wp-content\/uploads\/2023\/01\/Olivenoel-Spezialmarkt-Flyer-728x1024.jpg 728w, https:\/\/www.cilera.ch\/wp-content\/uploads\/2023\/01\/Olivenoel-Spezialmarkt-Flyer-213x300.jpg 213w, https:\/\/www.cilera.ch\/wp-content\/uploads\/2023\/01\/Olivenoel-Spezialmarkt-Flyer-768x1080.jpg 768w, https:\/\/www.cilera.ch\/wp-content\/uploads\/2023\/01\/Olivenoel-Spezialmarkt-Flyer-1092x1536.jpg 1092w, https:\/\/www.cilera.ch\/wp-content\/uploads\/2023\/01\/Olivenoel-Spezialmarkt-Flyer-1457x2048.jpg 1457w, https:\/\/www.cilera.ch\/wp-content\/uploads\/2023\/01\/Olivenoel-Spezialmarkt-Flyer-scaled.jpg 1821w\" sizes=\"auto, (max-width: 728px) 100vw, 728px\" \/><\/figure>\n<\/figure>\n\n\n\n<figure class=\"wp-block-image size-large\"><img loading=\"lazy\" decoding=\"async\" width=\"1024\" height=\"768\" src=\"https:\/\/www.cilera.ch\/wp-content\/uploads\/2021\/06\/Blasers-Olivenstand-MH.jpg\" alt=\"\" class=\"wp-image-462\" srcset=\"https:\/\/www.cilera.ch\/wp-content\/uploads\/2021\/06\/Blasers-Olivenstand-MH.jpg 1024w, https:\/\/www.cilera.ch\/wp-content\/uploads\/2021\/06\/Blasers-Olivenstand-MH-300x225.jpg 300w, https:\/\/www.cilera.ch\/wp-content\/uploads\/2021\/06\/Blasers-Olivenstand-MH-768x576.jpg 768w\" sizes=\"auto, (max-width: 1024px) 100vw, 1024px\" \/><\/figure>\n\n\n\n<p>NOUVO OLIO EXTRA VERGINE DI OLIVA, LA CILERA 2020\/21<\/p>\n\n\n\n<p>Das \u2018nuovo Olio\u2019 ist auf dem Weg in die Schweiz. Dieses Jahr hatten wir eine gute Ernte mit vielen Oliven! Da der Sommer sehr heiss und trocken war, sind die Oliven verglichen zu anderen Jahren zur Erntezeit im Oktober\/November 2020 noch sehr gr\u00fcn. Das Oliven\u00f6l, das sich daraus ergibt, ist ausgesprochen polyphenolhaltig. Polyphenole haben eine hohe Anti oxidative Wirkung und sind daher sehr wertvoll f\u00fcr unsere Gesundheit. Je h\u00f6her der Polyphenol-Gehalt, desto besser ist das Oliven\u00f6l.<\/p>\n\n\n\n<p>Ein hoher Anteil an Polypehenol ist aber auch f\u00fcr den Geschmack verantwortlich. Dieser ist dieses Jahr sehr kr\u00e4ftig. Das \u00d6l ist frisch-fruchtig und zugleich scharf bitter im Geschmack &#8211; so wie es die Natur will! Die Intensit\u00e4t nimmt jedoch mit der Zeit etwas ab.<\/p>\n\n\n<p style=\"text-align: center;\"><img loading=\"lazy\" decoding=\"async\" class=\"size-large wp-image-376 alignleft\" src=\"https:\/\/www.cilera.ch\/wp-content\/uploads\/2019\/11\/94794f44-c0d7-4f20-b59c-55c436da856c-1-1024x768.jpg\" alt=\"\" width=\"1024\" height=\"768\" srcset=\"https:\/\/www.cilera.ch\/wp-content\/uploads\/2019\/11\/94794f44-c0d7-4f20-b59c-55c436da856c-1-1024x768.jpg 1024w, https:\/\/www.cilera.ch\/wp-content\/uploads\/2019\/11\/94794f44-c0d7-4f20-b59c-55c436da856c-1-300x225.jpg 300w, https:\/\/www.cilera.ch\/wp-content\/uploads\/2019\/11\/94794f44-c0d7-4f20-b59c-55c436da856c-1-768x576.jpg 768w, https:\/\/www.cilera.ch\/wp-content\/uploads\/2019\/11\/94794f44-c0d7-4f20-b59c-55c436da856c-1.jpg 2030w\" sizes=\"auto, (max-width: 1024px) 100vw, 1024px\" \/>NOUVO OLIO 2019\/2020<\/p>\n<p style=\"text-align: left;\">Das nuovo Olio ist eben eingetroffen. Dieses Jahr ist die Ernte gering, In unserer Gegend spricht man von 40% des Normalertrages, da es im Mai zu kalt und gleichzeitig zu heiss war. Gl\u00fccklicherweise ist daf\u00fcr die Oliven\u00f6l Qualit\u00e4t dieses Jahr sehr gut. Wir haben dieses Jahr entschieden, unser \u00d6l mechanisch zu filtern. Dadurch kann der Oxidationsprozess aufgehalten werden und das \u00d6l l\u00e4nger in besserer Qualit\u00e4t genossen werden.&nbsp;<\/p>\n<p style=\"text-align: center;\">RACCOLTA 2019<\/p>\n<p style=\"text-align: left;\">In der letzten Oktoberwoche waren wir mit 6 Freunden und unserem Maestro di Olive Umberto f\u00fcr sieben Tage in den Olivenhainen und haben das \u00d6l in unserer M\u00fchle pressen, filtern und abf\u00fcllen lassen. In diesem Jahr haben wir auch 80 zwei Jahre alte Olivenb\u00e4ume der bew\u00e4hrten heimischen Sorte Correggiolo gepflanzt.<span style=\"color: #336b5e;\"><img loading=\"lazy\" decoding=\"async\" class=\"aligncenter size-large wp-image-377\" src=\"https:\/\/www.cilera.ch\/wp-content\/uploads\/2019\/11\/IMG_0958-768x1024.jpg\" alt=\"\" width=\"768\" height=\"1024\" srcset=\"https:\/\/www.cilera.ch\/wp-content\/uploads\/2019\/11\/IMG_0958-768x1024.jpg 768w, https:\/\/www.cilera.ch\/wp-content\/uploads\/2019\/11\/IMG_0958-225x300.jpg 225w\" sizes=\"auto, (max-width: 768px) 100vw, 768px\" \/><\/span><\/p>\n<p><img loading=\"lazy\" decoding=\"async\" class=\"aligncenter size-large wp-image-379\" src=\"https:\/\/www.cilera.ch\/wp-content\/uploads\/2019\/11\/IMG_1535-1024x768.jpg\" alt=\"\" width=\"1024\" height=\"768\" srcset=\"https:\/\/www.cilera.ch\/wp-content\/uploads\/2019\/11\/IMG_1535-1024x768.jpg 1024w, https:\/\/www.cilera.ch\/wp-content\/uploads\/2019\/11\/IMG_1535-300x225.jpg 300w, https:\/\/www.cilera.ch\/wp-content\/uploads\/2019\/11\/IMG_1535-768x576.jpg 768w\" sizes=\"auto, (max-width: 1024px) 100vw, 1024px\" \/> <img loading=\"lazy\" decoding=\"async\" class=\"aligncenter size-large wp-image-380\" src=\"https:\/\/www.cilera.ch\/wp-content\/uploads\/2019\/11\/IMG_2574-1024x768.jpg\" alt=\"\" width=\"1024\" height=\"768\" srcset=\"https:\/\/www.cilera.ch\/wp-content\/uploads\/2019\/11\/IMG_2574-1024x768.jpg 1024w, https:\/\/www.cilera.ch\/wp-content\/uploads\/2019\/11\/IMG_2574-300x225.jpg 300w, https:\/\/www.cilera.ch\/wp-content\/uploads\/2019\/11\/IMG_2574-768x576.jpg 768w\" sizes=\"auto, (max-width: 1024px) 100vw, 1024px\" \/> <img loading=\"lazy\" decoding=\"async\" class=\"aligncenter size-large wp-image-381\" src=\"https:\/\/www.cilera.ch\/wp-content\/uploads\/2019\/11\/IMG_2584-1024x768.jpg\" alt=\"\" width=\"1024\" height=\"768\" srcset=\"https:\/\/www.cilera.ch\/wp-content\/uploads\/2019\/11\/IMG_2584-1024x768.jpg 1024w, https:\/\/www.cilera.ch\/wp-content\/uploads\/2019\/11\/IMG_2584-300x225.jpg 300w, https:\/\/www.cilera.ch\/wp-content\/uploads\/2019\/11\/IMG_2584-768x576.jpg 768w\" sizes=\"auto, (max-width: 1024px) 100vw, 1024px\" \/> <img loading=\"lazy\" decoding=\"async\" class=\"aligncenter size-large wp-image-382\" src=\"https:\/\/www.cilera.ch\/wp-content\/uploads\/2019\/11\/IMG_3235-1024x768.jpg\" alt=\"\" width=\"1024\" height=\"768\" srcset=\"https:\/\/www.cilera.ch\/wp-content\/uploads\/2019\/11\/IMG_3235-1024x768.jpg 1024w, https:\/\/www.cilera.ch\/wp-content\/uploads\/2019\/11\/IMG_3235-300x225.jpg 300w, https:\/\/www.cilera.ch\/wp-content\/uploads\/2019\/11\/IMG_3235-768x576.jpg 768w\" sizes=\"auto, (max-width: 1024px) 100vw, 1024px\" \/> <img loading=\"lazy\" decoding=\"async\" class=\"aligncenter size-large wp-image-383\" src=\"https:\/\/www.cilera.ch\/wp-content\/uploads\/2019\/11\/IMG_3323-1024x768.jpg\" alt=\"\" width=\"1024\" height=\"768\" srcset=\"https:\/\/www.cilera.ch\/wp-content\/uploads\/2019\/11\/IMG_3323-1024x768.jpg 1024w, https:\/\/www.cilera.ch\/wp-content\/uploads\/2019\/11\/IMG_3323-300x225.jpg 300w, https:\/\/www.cilera.ch\/wp-content\/uploads\/2019\/11\/IMG_3323-768x576.jpg 768w\" sizes=\"auto, (max-width: 1024px) 100vw, 1024px\" \/><\/p>\n<p style=\"text-align: center;\"><img loading=\"lazy\" decoding=\"async\" class=\"aligncenter size-large wp-image-388\" src=\"https:\/\/www.cilera.ch\/wp-content\/uploads\/2019\/11\/IMG_5299-768x1024.jpg\" alt=\"\" width=\"768\" height=\"1024\" srcset=\"https:\/\/www.cilera.ch\/wp-content\/uploads\/2019\/11\/IMG_5299-768x1024.jpg 768w, https:\/\/www.cilera.ch\/wp-content\/uploads\/2019\/11\/IMG_5299-225x300.jpg 225w\" sizes=\"auto, (max-width: 768px) 100vw, 768px\" \/> <img loading=\"lazy\" decoding=\"async\" class=\"aligncenter size-large wp-image-389\" src=\"https:\/\/www.cilera.ch\/wp-content\/uploads\/2019\/11\/IMG_5230-1024x768.jpg\" alt=\"\" width=\"1024\" height=\"768\" srcset=\"https:\/\/www.cilera.ch\/wp-content\/uploads\/2019\/11\/IMG_5230-1024x768.jpg 1024w, https:\/\/www.cilera.ch\/wp-content\/uploads\/2019\/11\/IMG_5230-300x225.jpg 300w, https:\/\/www.cilera.ch\/wp-content\/uploads\/2019\/11\/IMG_5230-768x576.jpg 768w\" sizes=\"auto, (max-width: 1024px) 100vw, 1024px\" \/> <img loading=\"lazy\" decoding=\"async\" class=\"aligncenter size-large wp-image-390\" src=\"https:\/\/www.cilera.ch\/wp-content\/uploads\/2019\/11\/IMG_5466-768x1024.jpg\" alt=\"\" width=\"768\" height=\"1024\" srcset=\"https:\/\/www.cilera.ch\/wp-content\/uploads\/2019\/11\/IMG_5466-768x1024.jpg 768w, https:\/\/www.cilera.ch\/wp-content\/uploads\/2019\/11\/IMG_5466-225x300.jpg 225w\" sizes=\"auto, (max-width: 768px) 100vw, 768px\" \/><\/p>\n<p style=\"text-align: center;\">VERKAUFSSTELLEN<\/p>\n<p style=\"text-align: left;\">Herzlich willkommen an unseren Verkaufsstellen<br>@ Blaser Architekten, Austrasse 24, Basel<br>@ Caf\u00e9 Smilla, Grimselstrasse 1, Basel<br>@ Wein Feer, M\u00fcnchenstein<br>@ Wirth&#8217;s Huus, Colmarerstrasse 10, Basel<\/p>\n<p style=\"text-align: center;\"><span style=\"color: #336b5e;\"><img loading=\"lazy\" decoding=\"async\" class=\"aligncenter wp-image-285 size-large\" src=\"https:\/\/www.cilera.ch\/wp-content\/uploads\/2018\/12\/20181218_085824-1024x768.jpg\" alt=\"\" width=\"1024\" height=\"768\" srcset=\"https:\/\/www.cilera.ch\/wp-content\/uploads\/2018\/12\/20181218_085824-1024x768.jpg 1024w, https:\/\/www.cilera.ch\/wp-content\/uploads\/2018\/12\/20181218_085824-300x225.jpg 300w, https:\/\/www.cilera.ch\/wp-content\/uploads\/2018\/12\/20181218_085824-768x576.jpg 768w\" sizes=\"auto, (max-width: 1024px) 100vw, 1024px\" \/><br><\/span><\/p>\n<p style=\"text-align: center;\"><img loading=\"lazy\" decoding=\"async\" class=\"attachment-266x266 \" src=\"https:\/\/www.cilera.ch\/wp-content\/uploads\/2018\/08\/Bildschirmfoto-2018-08-25-um-13.32.46.png\" sizes=\"auto, (max-width: 266px) 100vw, 266px\" srcset=\"https:\/\/www.cilera.ch\/wp-content\/uploads\/2018\/08\/Bildschirmfoto-2018-08-25-um-13.32.46.png 2482w, https:\/\/www.cilera.ch\/wp-content\/uploads\/2018\/08\/Bildschirmfoto-2018-08-25-um-13.32.46-300x168.png 300w, https:\/\/www.cilera.ch\/wp-content\/uploads\/2018\/08\/Bildschirmfoto-2018-08-25-um-13.32.46-768x429.png 768w, https:\/\/www.cilera.ch\/wp-content\/uploads\/2018\/08\/Bildschirmfoto-2018-08-25-um-13.32.46-1024x573.png 1024w\" alt=\"\" width=\"1148\" height=\"641\"><\/p>\n<p style=\"text-align: center;\"><img loading=\"lazy\" decoding=\"async\" class=\"aligncenter size-large wp-image-386\" src=\"https:\/\/www.cilera.ch\/wp-content\/uploads\/2019\/11\/Bildschirmfoto-2019-11-06-um-09.21.41-996x1024.png\" alt=\"\" width=\"996\" height=\"1024\" srcset=\"https:\/\/www.cilera.ch\/wp-content\/uploads\/2019\/11\/Bildschirmfoto-2019-11-06-um-09.21.41-996x1024.png 996w, https:\/\/www.cilera.ch\/wp-content\/uploads\/2019\/11\/Bildschirmfoto-2019-11-06-um-09.21.41-292x300.png 292w, https:\/\/www.cilera.ch\/wp-content\/uploads\/2019\/11\/Bildschirmfoto-2019-11-06-um-09.21.41-768x790.png 768w, https:\/\/www.cilera.ch\/wp-content\/uploads\/2019\/11\/Bildschirmfoto-2019-11-06-um-09.21.41.png 1550w\" sizes=\"auto, (max-width: 996px) 100vw, 996px\" \/><\/p>\n<p style=\"text-align: center;\"><img loading=\"lazy\" decoding=\"async\" class=\"aligncenter size-large wp-image-384\" src=\"https:\/\/www.cilera.ch\/wp-content\/uploads\/2019\/11\/IMG_3643_article_text-1024x768.jpg\" alt=\"\" width=\"1024\" height=\"768\" srcset=\"https:\/\/www.cilera.ch\/wp-content\/uploads\/2019\/11\/IMG_3643_article_text-1024x768.jpg 1024w, https:\/\/www.cilera.ch\/wp-content\/uploads\/2019\/11\/IMG_3643_article_text-300x225.jpg 300w, https:\/\/www.cilera.ch\/wp-content\/uploads\/2019\/11\/IMG_3643_article_text-768x576.jpg 768w, https:\/\/www.cilera.ch\/wp-content\/uploads\/2019\/11\/IMG_3643_article_text.jpg 1200w\" sizes=\"auto, (max-width: 1024px) 100vw, 1024px\" \/><\/p>\n\n\n<p><\/p>\n","protected":false},"excerpt":{"rendered":"<p>ERFOLGREICHER OLIVEN\u00d6L MARKT 2024 IN DER MARKTHALLE BASEL Danke f\u00fcr die vielen Besuche und allen die unser Oliven\u00f6l gut m\u00f6gen. OLIVEN\u00d6LMARKT MIT OLIO EXTRA VERGINE&#8230;<\/p>\n<div class=\"more-link-wrapper\"><a class=\"more-link\" href=\"https:\/\/www.cilera.ch\/?page_id=208\">Weiterlesen<span class=\"screen-reader-text\">NEWS<\/span><\/a><\/div>\n","protected":false},"author":1,"featured_media":440,"parent":0,"menu_order":11,"comment_status":"closed","ping_status":"closed","template":"","meta":{"footnotes":""},"class_list":["post-208","page","type-page","status-publish","has-post-thumbnail","hentry","entry"],"_links":{"self":[{"href":"https:\/\/www.cilera.ch\/index.php?rest_route=\/wp\/v2\/pages\/208","targetHints":{"allow":["GET"]}}],"collection":[{"href":"https:\/\/www.cilera.ch\/index.php?rest_route=\/wp\/v2\/pages"}],"about":[{"href":"https:\/\/www.cilera.ch\/index.php?rest_route=\/wp\/v2\/types\/page"}],"author":[{"embeddable":true,"href":"https:\/\/www.cilera.ch\/index.php?rest_route=\/wp\/v2\/users\/1"}],"replies":[{"embeddable":true,"href":"https:\/\/www.cilera.ch\/index.php?rest_route=%2Fwp%2Fv2%2Fcomments&post=208"}],"version-history":[{"count":30,"href":"https:\/\/www.cilera.ch\/index.php?rest_route=\/wp\/v2\/pages\/208\/revisions"}],"predecessor-version":[{"id":489,"href":"https:\/\/www.cilera.ch\/index.php?rest_route=\/wp\/v2\/pages\/208\/revisions\/489"}],"wp:featuredmedia":[{"embeddable":true,"href":"https:\/\/www.cilera.ch\/index.php?rest_route=\/wp\/v2\/media\/440"}],"wp:attachment":[{"href":"https:\/\/www.cilera.ch\/index.php?rest_route=%2Fwp%2Fv2%2Fmedia&parent=208"}],"curies":[{"name":"wp","href":"https:\/\/api.w.org\/{rel}","templated":true}]}}